{"id":17,"date":"2021-12-24T10:20:05","date_gmt":"2021-12-24T10:20:05","guid":{"rendered":"https:\/\/dering-edv.de\/?page_id=17"},"modified":"2021-12-30T09:50:28","modified_gmt":"2021-12-30T09:50:28","slug":"willkommen","status":"publish","type":"page","link":"https:\/\/dering-edv.de\/","title":{"rendered":"Willkommen"},"content":{"rendered":"<p>[et_pb_section fb_built=&#8220;1&#8243; fullwidth=&#8220;on&#8220; _builder_version=&#8220;4.14.4&#8243; _module_preset=&#8220;default&#8220; hover_enabled=&#8220;0&#8243; global_colors_info=&#8220;{}&#8220; animation_style=&#8220;fade&#8220; sticky_enabled=&#8220;0&#8243;][et_pb_fullwidth_image src=&#8220;https:\/\/dering-edv.de\/wp-content\/uploads\/2021\/12\/3-e1640342672850.png&#8220; title_text=&#8220;3&#8243; _builder_version=&#8220;4.14.4&#8243; _module_preset=&#8220;default&#8220; global_colors_info=&#8220;{}&#8220;][\/et_pb_fullwidth_image][\/et_pb_section][et_pb_section fb_built=&#8220;1&#8243; _builder_version=&#8220;4.14.4&#8243; _module_preset=&#8220;default&#8220; global_colors_info=&#8220;{}&#8220;][et_pb_row column_structure=&#8220;1_2,1_2&#8243; _builder_version=&#8220;4.14.4&#8243; _module_preset=&#8220;default&#8220; custom_margin=&#8220;||||false|false&#8220; custom_padding=&#8220;|0px|||false|false&#8220; global_colors_info=&#8220;{}&#8220;][et_pb_column type=&#8220;1_2&#8243; _builder_version=&#8220;4.14.4&#8243; _module_preset=&#8220;default&#8220; global_colors_info=&#8220;{}&#8220;][et_pb_text _builder_version=&#8220;4.14.4&#8243; _module_preset=&#8220;default&#8220; header_font=&#8220;|700||on|||||&#8220; header_2_font=&#8220;|700||on|||||&#8220; header_2_font_size=&#8220;27px&#8220; custom_margin=&#8220;||||false|false&#8220; custom_padding=&#8220;||||false|false&#8220; global_colors_info=&#8220;{}&#8220;]<\/p>\n<h2 class=\"c-font-uppercase c-font-bold\" style=\"text-align: justify;\">Wer wir sind<\/h2>\n<p>&nbsp;<\/p>\n<ul class=\" \" style=\"list-style-type: none; margin-left: 0px; padding: 0px; text-align: justify;\">\n<ul class=\" \" style=\"list-style-type: none; margin-left: 0px; padding: 0px;\">\n<li>Wir sind ein Gro\u00dfh\u00e4ndler f\u00fcr Drucker Verbrauchsmaterial<\/li>\n<\/ul>\n<\/ul>\n<p>&nbsp;<\/p>\n<p>Wir sind spezialisiert auf Toner aller Marken, vor allem aber HP, Kyocera, Brother, Samsung und OKI<\/p>\n<ul class=\" \" style=\"list-style-type: none; margin-left: 0px; padding: 0px; text-align: justify;\">\n<ul class=\" \" style=\"list-style-type: none; margin-left: 0px; padding: 0px;\">\n<li style=\"text-align: justify;\">Wir haben \u00fcber 10 Jahre Berufserfahrung in der Branche f\u00fcr Verbrauchsmaterial<\/li>\n<\/ul>\n<\/ul>\n<p>&nbsp;<\/p>\n<ul class=\" \" style=\"list-style-type: none; margin-left: 0px; padding: 0px;\">\n<li style=\"text-align: justify;\">Wir verkaufen \u00fcberwiegend an den Fachhandel, Wiederverk\u00e4ufer und Distributionen<\/li>\n<\/ul>\n<p>[\/et_pb_text][\/et_pb_column][et_pb_column type=&#8220;1_2&#8243; _builder_version=&#8220;4.14.4&#8243; _module_preset=&#8220;default&#8220; global_colors_info=&#8220;{}&#8220;][et_pb_text _builder_version=&#8220;4.14.4&#8243; _module_preset=&#8220;default&#8220; header_font=&#8220;|||on|||||&#8220; header_2_font=&#8220;|700||on|||||&#8220; header_2_font_size=&#8220;27px&#8220; custom_margin=&#8220;||-49px|||&#8220; custom_padding=&#8220;|0px||2px||&#8220; global_colors_info=&#8220;{}&#8220;]<\/p>\n<h2 style=\"text-align: justify;\">Wir bieten Ihnen<\/h2>\n<p>&nbsp;<\/p>\n<ul>\n<li style=\"text-align: justify;\">\u00fcber 1000 verschiedene Artikel aller g\u00e4ngigen Marken<\/li>\n<li style=\"text-align: justify;\">wir verkaufen nur original Produkte, keine kompatiblen<\/li>\n<li style=\"text-align: justify;\">Tinten &amp; Toner<\/li>\n<li style=\"text-align: justify;\">Trommeln<\/li>\n<li style=\"text-align: justify;\">Entwickler<\/li>\n<li>hervoragendes Produkt-<br \/>und Fachwissen<\/li>\n<li>kompetente Ansprechpartner<\/li>\n<li>einfachster Datenaustausch<\/li>\n<li>eigene Lagerhaltung auf 1000 qm<\/li>\n<li>schneller Versand \u00fcber GLS<\/li>\n<li>europaweite Lieferung<\/li>\n<\/ul>\n<p>[\/et_pb_text][et_pb_text _builder_version=&#8220;4.14.4&#8243; _module_preset=&#8220;default&#8220; custom_margin=&#8220;|-55px||||&#8220; custom_padding=&#8220;6px|0px||24px||&#8220; global_colors_info=&#8220;{}&#8220;][\/et_pb_text][\/et_pb_column][\/et_pb_row][\/et_pb_section][et_pb_section fb_built=&#8220;1&#8243; _builder_version=&#8220;4.14.4&#8243; _module_preset=&#8220;default&#8220; background_color=&#8220;#efefef&#8220; hover_enabled=&#8220;0&#8243; global_colors_info=&#8220;{}&#8220; animation_style=&#8220;fade&#8220; sticky_enabled=&#8220;0&#8243;][et_pb_row column_structure=&#8220;2_5,3_5&#8243; _builder_version=&#8220;4.14.4&#8243; _module_preset=&#8220;default&#8220; global_colors_info=&#8220;{}&#8220;][et_pb_column type=&#8220;2_5&#8243; _builder_version=&#8220;4.14.4&#8243; _module_preset=&#8220;default&#8220; global_colors_info=&#8220;{}&#8220;][et_pb_text _builder_version=&#8220;4.14.4&#8243; _module_preset=&#8220;default&#8220; header_font=&#8220;|700||on|||||&#8220; header_text_color=&#8220;#000000&#8243; header_font_size=&#8220;27px&#8220; global_colors_info=&#8220;{}&#8220;]<\/p>\n<h1>Lernen Sie uns Kennen!<\/h1>\n<p>[\/et_pb_text][et_pb_divider color=&#8220;#122c59&#8243; divider_weight=&#8220;7px&#8220; _builder_version=&#8220;4.14.4&#8243; _module_preset=&#8220;default&#8220; width=&#8220;95px&#8220; custom_margin=&#8220;11px|||||&#8220; hover_enabled=&#8220;0&#8243; global_colors_info=&#8220;{}&#8220; sticky_enabled=&#8220;0&#8243;][\/et_pb_divider][et_pb_text _builder_version=&#8220;4.14.4&#8243; _module_preset=&#8220;default&#8220; text_font_size=&#8220;15px&#8220; global_colors_info=&#8220;{}&#8220;]<\/p>\n<p>Wir sind ein kleines eingespieltes Team. Schauen Sie auf<br \/>unserer Teamseite vorbei und lernen uns kennen!<\/p>\n<p>[\/et_pb_text][et_pb_button button_url=&#8220;@ET-DC@eyJkeW5hbWljIjp0cnVlLCJjb250ZW50IjoicG9zdF9saW5rX3VybF9wYWdlIiwic2V0dGluZ3MiOnsicG9zdF9pZCI6IjIzIn19@&#8220; button_text=&#8220;HIER KLICKEN&#8220; _builder_version=&#8220;4.14.4&#8243; _dynamic_attributes=&#8220;button_url&#8220; _module_preset=&#8220;default&#8220; custom_button=&#8220;on&#8220; button_text_color=&#8220;#FFFFFF&#8220; button_bg_color=&#8220;#122c59&#8243; button_border_width=&#8220;0px&#8220; button_border_radius=&#8220;0px&#8220; hover_enabled=&#8220;0&#8243; global_colors_info=&#8220;{}&#8220; button_bg_enable_color=&#8220;on&#8220; sticky_enabled=&#8220;0&#8243;][\/et_pb_button][\/et_pb_column][et_pb_column type=&#8220;3_5&#8243; _builder_version=&#8220;4.14.4&#8243; _module_preset=&#8220;default&#8220; global_colors_info=&#8220;{}&#8220;][et_pb_image src=&#8220;https:\/\/dering-edv.de\/wp-content\/uploads\/2021\/12\/jango-intro-2.jpg&#8220; title_text=&#8220;jango-intro-2&#8243; _builder_version=&#8220;4.14.4&#8243; _module_preset=&#8220;default&#8220; global_colors_info=&#8220;{}&#8220;][\/et_pb_image][\/et_pb_column][\/et_pb_row][\/et_pb_section][et_pb_section fb_built=&#8220;1&#8243; _builder_version=&#8220;4.14.4&#8243; _module_preset=&#8220;default&#8220; global_colors_info=&#8220;{}&#8220;][et_pb_row column_structure=&#8220;2_5,3_5&#8243; _builder_version=&#8220;4.14.4&#8243; _module_preset=&#8220;default&#8220; custom_margin=&#8220;16px|auto||auto||&#8220; global_colors_info=&#8220;{}&#8220;][et_pb_column type=&#8220;2_5&#8243; _builder_version=&#8220;4.14.4&#8243; _module_preset=&#8220;default&#8220; global_colors_info=&#8220;{}&#8220;][et_pb_blurb title=&#8220;Toner &#038; Tinten&#8220; use_icon=&#8220;on&#8220; font_icon=&#8220;&#xe0fa;||divi||400&#8243; icon_color=&#8220;#122c59&#8243; _builder_version=&#8220;4.14.4&#8243; _module_preset=&#8220;default&#8220; header_font=&#8220;|700||on|||||&#8220; header_text_align=&#8220;left&#8220; header_text_color=&#8220;#000000&#8243; header_font_size=&#8220;27px&#8220; body_text_align=&#8220;left&#8220; body_font_size=&#8220;15px&#8220; hover_enabled=&#8220;0&#8243; global_colors_info=&#8220;{}&#8220; image_icon_width=&#8220;49px&#8220; sticky_enabled=&#8220;0&#8243;]<\/p>\n<p>Wir bringen zusammen was zusammen geh\u00f6rt! Original Toner f\u00fcr Ihren Drucker.<\/p>\n<p>[\/et_pb_blurb][\/et_pb_column][et_pb_column type=&#8220;3_5&#8243; _builder_version=&#8220;4.14.4&#8243; _module_preset=&#8220;default&#8220; global_colors_info=&#8220;{}&#8220;][et_pb_blurb title=&#8220;ca. 14800 Artikel st\u00e4ndig auf Lager&#8220; use_icon=&#8220;on&#8220; font_icon=&#8220;&#xf187;||fa||900&#8243; icon_color=&#8220;#122c59&#8243; _builder_version=&#8220;4.14.4&#8243; _module_preset=&#8220;default&#8220; header_font=&#8220;|700||on|||||&#8220; header_text_align=&#8220;left&#8220; header_text_color=&#8220;#000000&#8243; header_font_size=&#8220;27px&#8220; body_text_align=&#8220;left&#8220; body_font_size=&#8220;15px&#8220; hover_enabled=&#8220;0&#8243; global_colors_info=&#8220;{}&#8220; image_icon_width=&#8220;49px&#8220; sticky_enabled=&#8220;0&#8243;]<\/p>\n<p>Brother, Canon, Dell, Develop, Epson, HP, Konica Minolta, Kyocera, Lexmark, Oki, Ricoh, Samsung uvm.<\/p>\n<p>[\/et_pb_blurb][\/et_pb_column][\/et_pb_row][\/et_pb_section][et_pb_section fb_built=&#8220;1&#8243; _builder_version=&#8220;4.14.4&#8243; _module_preset=&#8220;default&#8220; background_color=&#8220;#efefef&#8220; global_colors_info=&#8220;{}&#8220;][et_pb_row _builder_version=&#8220;4.14.4&#8243; _module_preset=&#8220;default&#8220; global_colors_info=&#8220;{}&#8220;][et_pb_column type=&#8220;4_4&#8243; _builder_version=&#8220;4.14.4&#8243; _module_preset=&#8220;default&#8220; global_colors_info=&#8220;{}&#8220;][et_pb_image src=&#8220;https:\/\/dering-edv.de\/wp-content\/uploads\/2021\/12\/marken.png&#8220; title_text=&#8220;marken&#8220; _builder_version=&#8220;4.14.4&#8243; _module_preset=&#8220;default&#8220; global_colors_info=&#8220;{}&#8220;][\/et_pb_image][\/et_pb_column][\/et_pb_row][\/et_pb_section][et_pb_section fb_built=&#8220;1&#8243; _builder_version=&#8220;4.14.4&#8243; _module_preset=&#8220;default&#8220; global_colors_info=&#8220;{}&#8220;][et_pb_row _builder_version=&#8220;4.14.4&#8243; _module_preset=&#8220;default&#8220; global_colors_info=&#8220;{}&#8220;][et_pb_column type=&#8220;4_4&#8243; _builder_version=&#8220;4.14.4&#8243; _module_preset=&#8220;default&#8220; global_colors_info=&#8220;{}&#8220;][et_pb_text _builder_version=&#8220;4.14.4&#8243; _module_preset=&#8220;default&#8220; header_font=&#8220;|700||on|||||&#8220; header_text_align=&#8220;center&#8220; header_text_color=&#8220;#000000&#8243; header_font_size=&#8220;27px&#8220; global_colors_info=&#8220;{}&#8220;]<\/p>\n<h1>Wir wachsen! Langsam aber stetig<\/h1>\n<p>[\/et_pb_text][et_pb_divider color=&#8220;#122c59&#8243; divider_weight=&#8220;7px&#8220; _builder_version=&#8220;4.14.4&#8243; _module_preset=&#8220;default&#8220; width=&#8220;95px&#8220; module_alignment=&#8220;center&#8220; custom_margin=&#8220;11px|||||&#8220; hover_enabled=&#8220;0&#8243; global_colors_info=&#8220;{}&#8220; sticky_enabled=&#8220;0&#8243;][\/et_pb_divider][\/et_pb_column][\/et_pb_row][et_pb_row column_structure=&#8220;1_3,1_3,1_3&#8243; _builder_version=&#8220;4.14.4&#8243; _module_preset=&#8220;default&#8220; global_colors_info=&#8220;{}&#8220;][et_pb_column type=&#8220;1_3&#8243; _builder_version=&#8220;4.14.4&#8243; _module_preset=&#8220;default&#8220; global_colors_info=&#8220;{}&#8220;][et_pb_circle_counter title=&#8220;Artikel in den letzten 12 Monaten verkauft&#8220; number=&#8220;41200&#8243; percent_sign=&#8220;off&#8220; bar_bg_color=&#8220;#122c59&#8243; _builder_version=&#8220;4.14.4&#8243; _module_preset=&#8220;default&#8220; title_font=&#8220;|700||on|||||&#8220; title_font_size=&#8220;18px&#8220; hover_enabled=&#8220;0&#8243; global_colors_info=&#8220;{}&#8220; sticky_enabled=&#8220;0&#8243;][\/et_pb_circle_counter][\/et_pb_column][et_pb_column type=&#8220;1_3&#8243; _builder_version=&#8220;4.14.4&#8243; _module_preset=&#8220;default&#8220; global_colors_info=&#8220;{}&#8220;][et_pb_circle_counter title=&#8220;Artikel in den letzten 12 Monaten eingekauft&#8220; number=&#8220;45500&#8243; percent_sign=&#8220;off&#8220; bar_bg_color=&#8220;#122c59&#8243; _builder_version=&#8220;4.14.4&#8243; _module_preset=&#8220;default&#8220; title_font=&#8220;|700||on|||||&#8220; title_font_size=&#8220;18px&#8220; hover_enabled=&#8220;0&#8243; global_colors_info=&#8220;{}&#8220; sticky_enabled=&#8220;0&#8243;][\/et_pb_circle_counter][\/et_pb_column][et_pb_column type=&#8220;1_3&#8243; _builder_version=&#8220;4.14.4&#8243; _module_preset=&#8220;default&#8220; global_colors_info=&#8220;{}&#8220;][et_pb_circle_counter title=&#8220;Bestellungen innerhalb 24H versendet&#8220; number=&#8220;99.7&#8243; bar_bg_color=&#8220;#122c59&#8243; _builder_version=&#8220;4.14.4&#8243; _module_preset=&#8220;default&#8220; title_font=&#8220;|700||on|||||&#8220; title_font_size=&#8220;18px&#8220; hover_enabled=&#8220;0&#8243; global_colors_info=&#8220;{}&#8220; sticky_enabled=&#8220;0&#8243;][\/et_pb_circle_counter][\/et_pb_column][\/et_pb_row][\/et_pb_section]<\/p>\n","protected":false},"excerpt":{"rendered":"<p>Wer wir sind &nbsp; Wir sind ein Gro\u00dfh\u00e4ndler f\u00fcr Drucker Verbrauchsmaterial &nbsp; Wir sind spezialisiert auf Toner aller Marken, vor allem aber HP, Kyocera, Brother, Samsung und OKI Wir haben \u00fcber 10 Jahre Berufserfahrung in der Branche f\u00fcr Verbrauchsmaterial &nbsp; Wir verkaufen \u00fcberwiegend an den Fachhandel, Wiederverk\u00e4ufer und Distributionen Wir bieten Ihnen &nbsp; \u00fcber 1000 [&hellip;]<\/p>\n","protected":false},"author":1,"featured_media":0,"parent":0,"menu_order":0,"comment_status":"closed","ping_status":"closed","template":"","meta":{"_et_pb_use_builder":"on","_et_pb_old_content":"","_et_gb_content_width":"","footnotes":""},"class_list":["post-17","page","type-page","status-publish","hentry"],"_links":{"self":[{"href":"https:\/\/dering-edv.de\/index.php?rest_route=\/wp\/v2\/pages\/17","targetHints":{"allow":["GET"]}}],"collection":[{"href":"https:\/\/dering-edv.de\/index.php?rest_route=\/wp\/v2\/pages"}],"about":[{"href":"https:\/\/dering-edv.de\/index.php?rest_route=\/wp\/v2\/types\/page"}],"author":[{"embeddable":true,"href":"https:\/\/dering-edv.de\/index.php?rest_route=\/wp\/v2\/users\/1"}],"replies":[{"embeddable":true,"href":"https:\/\/dering-edv.de\/index.php?rest_route=%2Fwp%2Fv2%2Fcomments&post=17"}],"version-history":[{"count":5,"href":"https:\/\/dering-edv.de\/index.php?rest_route=\/wp\/v2\/pages\/17\/revisions"}],"predecessor-version":[{"id":102,"href":"https:\/\/dering-edv.de\/index.php?rest_route=\/wp\/v2\/pages\/17\/revisions\/102"}],"wp:attachment":[{"href":"https:\/\/dering-edv.de\/index.php?rest_route=%2Fwp%2Fv2%2Fmedia&parent=17"}],"curies":[{"name":"wp","href":"https:\/\/api.w.org\/{rel}","templated":true}]}}